- (-10 - (17 - 12)))?
-12
What is 32 - (14 + -17 + 24) - (0 - -15)?
-4
-5 - (0 + -2 + (-16 - -3) + 0)
10
Evaluate 4 - 8 - (-6 + 6 - 3) - 24.
-25
What is the value of (5 - 2) + 8 + -8 + 3 + -8?
-2
Evaluate 13 + -2 + 4 + (3 - 6).
12
Evaluate 4 + -11 + 18 + (-9 - -9 - -7).
18
Evaluate -4 - (-15 + 36 - 40).
15
Evaluate (-19 - -10) + -4 + -7 + 8.
-12
(2 - 12) + 14 + -1
3
433 - 436 - (-25 - -1)
21
What is -93 + 95 + (-4 + -1 - (4 + -7))?
0
0 + 3 + -12 + 5
-4
2 + 2 + 2 - (28 - (4 - -24))
6
Calculate (-2 - 9 - 3 - -5) + 1.
-8
Evaluate -228 - -228 - (15 + 1).
-16
Calculate (-7 + (-2 - -6) - 3) + 14.
8
What is the value of 137 - 131 - (0 - -12)?
-6
What is the value of 8 + (-7 - -13 - (3 - 5))?
16
-38 + (7 + 16 - -6)
-9
What is the value of -646 + 649 - (-1 - -2)?
2
-304 + 271 + 23 + -2
-12
Evaluate -15 - ((-30 - -20) + 6).
-11
What is 17 + -16 - 6 - -12?
7
What is the value of -7 - (-6 - 4) - (2 - 11)?
12
What is the value of 9 + (6 - 8 - 4) - 7?
-4
Calculate 6 - ((9 + -4 - 6) + -7).
14
What is -29 + (34 - 15 - 14)?
-24
Calculate -13 + (-16 - (-8 - 16)).
-5
Calculate 4 - (-7 - (0 + (-9 - (-8 + 3)))).
7
-2 + (1 + 2 + -4 - (-115 - -122))
-10
Evaluate -8 - (-6 - (-3 - 0 - 2)).
-7
What is -5 - (-14 - 4 - -8)?
5
Calculate 0 - -15 - (225 - 217).
7
What is the value of (-1 - (-4 + 19)) + 4 + 4?
-8
Evaluate -31 + 40 - (-9 - -10 - (-4 + 1)).
5
Calculate 0 + -11 - (-9 - (4 - 13)).
-11
What is 141 - 149 - (-14 + -1) - 21?
-14
What is the value of -33 + (39 - 34) + 1 + 9?
-18
Evaluate 0 + 2 + 2 - (4 + -11 + 14).
-3
What is the value of -7 + 3 + 47 + -38?
5
Evaluate -1 + 17 - (52 + -36) - 15.
-15
What is the value of (-3 - 1) + (2 - (7 - 11 - 12))?
14
-33 - (-2 + (-15 - 19))
3
What is the value of (12 - (64 - 49)) + 2 + 1?
0
What is the value of 0 + 17 + (-39 - (-1 - 9))?
-12
Evaluate 0 + 18 + (5 - (14 - (2 + 1))).
12
Evaluate (7 - (2 - -4) - -5) + -1 + 0.
5
Evaluate (-19 - (8 - 17)) + -9 - -48.
29
What is the value of -3 + -2 + (54 - (20 + -17) - 8)?
38
What is 14 + -5 + 6 + -2?
13
What is -6 - ((115 - 104) + 1 + -12)?
-6
What is 18 - (12 - (1 + -5 - (-13 - -5)))?
10
Evaluate 0 - -30 - ((-261 - -250) + 16 + 1).
24
-2 - 20 - (-17 - ((-13 - -1) + 2))
-15
Calculate (-12 - (-31 + 9)) + -4.
6
2 + 2 + 45 + -45
4
Calculate -25 - -43 - 4 - (-1 - -12).
3
What is -2 + (9 - (1 + 0)) - 5?
1
0 - (2 - 1) - ((11 - -10) + -20)
-2
What is the value of (2 - (-4 - 12)) + -4 + -10?
4
Calculate 8 - (25 + 2 + -10 + 5 + 9).
-23
What is the value of -11 + -9 + 14 + -3 + 8?
-1
What is the value of -25 - (10 + (-53 - -13))?
5
Evaluate 4 + -29 + 13 + (-4 - -2).
-14
What is the value of -15 + 42 + -22 + -17?
-12
What is the value of -19 + (-8 - -51) + -22?
2
What is the value of (-11 - -27) + -13 + 2 + 8?
13
What is the value of -22 + (-2 - -26 - 7)?
-5
Calculate -2 + (4 + -3 + 6 - -2) + -5.
2
Calculate -5 + 3 - (5 - 1) - -11 - 1.
4
Calculate (3 - (-2 - -7)) + -1 + (-33 - -27).
-9
(-3 - (3 + -5)) + 9 + -1
7
Calculate -44 - (82 + -115) - (-42 - 1 - -2).
30
Calculate -5 + -4 + 0 + -14 + -10.
-33
-16 + -1 + (15 + 4 - 19)
-17
Calculate (9 - (8 - -12 - -9)) + -1 + 7.
-14
What is the value of -4 + -2 + 6 - (-29 - -5) - -12?
36
(-4 - (-3 - -8)) + 3 + 1 + 2
-3
-1 + 24 - (7 - (7 - (1 - -7)))
15
(1 - -27) + (930 + -942 - (-15 + -1))
32
What is -32 + (7 - 16 - (-11 + 7 + -5))?
-32
Evaluate (94 - 70) + (-15 - 1) - (36 + 1).
-29
What is 22 + (-1 - (-1 + 1)) + -107 + 112?
26
Calculate -6 + (17 - (-8 + -3 + 5)).
17
What is the value of 5 - 6 - ((-7 - 7) + 19)?
-6
What is the value of -1 + 1 + -6 + (0 - (1 + -4))?
-3
-87 + 93 + (0 - (-2 + 11))
-3
What is the value of 8 - 1 - (11 + 1)?
-5
What is the value of 1 + -1 + (18 - 5 - 21) + -9?
-17
What is the value of (3 - (0 - -6) - -3) + 25 + -28?
-3
-11 - (-12 + 17 + -13)
-3
Evaluate 28 + -45 - (3 - (7 - -1)).
-12
What is the value of 5 + (0 - ((14 - 28) + 5))?
14
Calculate -6 + 20 + -6 + -27 - -12.
-7
Evaluate 16 - (-5 + (5 - (-17 + 6)) - 10).
15
-17 + (-3 - -14 - -18)
12
What is the value of 7 + (3 - 14 - 0) + 3 + -3?
-4
7 - (16 + (-3 + (1 - -1) - -5))
-13
What is 330 + -337 + 6 + -1?
-2
What is the value of (882 - 909) + (0 - (-6 - 0))?
-21
Calculate -9 - 31 - (-141 + 97).
4
What is -23 - (2 - 12 - 4)?
-9
151 + -154 + (1 + 0 - -4)
2
What is the value of -11 + (2 - -4) + 8 - (-1 + 18)?
-14
Evaluate -3 + -2 - (-6 + -2) - -6.
9
Calculate (-9 - (4 - 11) - 2) + (14 - 1).
9
What is (0 - (-2 - -5)) + (-1 - (3 + 3))?
-10
What is the value of (8 - 15) + 21 - 30?
-16
What is -41 + (-11 - -21) + -3 + 1 + 0?
-33
Evaluate -11 + -25 + 71 + -14.
21
What is the value of 3 + -6 + 0 + 2?
-1
Calculate 1 + 17 + -210 + 180.
-12
7 - (-14 + 9) - 1
11
Evaluate 30 + -5 + (-85 - -72).
12
What is -231 + 235 - (-2 - 0)?
6
Evaluate -8 + -1 - (-31 - -18).
4
Calculate 13 + (0 - -10) + -18 - -18.
23
Evaluate 2 + (-5 - (6 - (-1 - -19))).
9
What is (-32 - 0 - (-135 + 124)) + -3?
-24
What is the value of 6 + 7 - (12 + -4)?
5
What is the value of 2 - 15 - (9 + (-46 - -17 - -16))?
-9
What is -6 + (-2 - 5) + 9 - (-8 + 3)?
1
Calculate -16 + 33 + 12 + 4.
33
-2 - (9 - (3 - (8 - 6)))
-10
What is (13 + -36 - -33) + 6?
16
What is 14 + -2 + -25 - -15?
2
What is 5 + (4 + -10 + -16 - -9)?
-8
What is (4 - (-7 + 3 + -1 + 2)) + 0?
7
Evaluate -86 - -100 - (9 + 3).
2
1 + 1 - (-1 + -24 + (180 - 156))
3
Evaluate -10 - (-9 - 13 - -7).
5
What is the value of ((-12 - -4) + -1 - 4) + -4?
-17
6 - (-10 + 17 + 32) - -13
-20
-2 + (6 + (-8 - -6) - 3) - -12
11
-39 + 16 - (1 + -2 - 3)
-19
8 + (2 - 9) + -1 - (7 + 1)
-8
Evaluate (0 - 5) + 4 + -9 + -1.
-11
Evaluate ((6 - -8) + -4 - 17) + (2 - -22).
17
16 - (2 + 3 + 42 + -52)
21
What is the value of 9 + (-1 - (23 + -5))?
-10
What is the value of -1 + 12 + (-3 - 3) - 17?
-12
-3 - (-30 + 24) - (-3 - -1 - -9)
-4
What is 21 + -9 + -21 + 16 + 9?
16
What is the value of -9 - ((-16 + -2 - 2) + -1)?
12
4 + (-2 - -3) + 0 + (39 - 40)
4
-11 + -12 + 18 + -2 + (1 - -19)
13
Evaluate -19 + 1 + 30 + -24.
-12
Calculate -11 + -3 - (114 - 128).
0
Calculate 16 - ((-6 - -20) + -2).
4
Evaluate 14 - -13 - (-28 - -43).
12
What is the value of 3 + (-2 - (-2 + -11 + 8))?
6
Calculate 7 + 1 + -125 + 114.
-3
(257 - 134) + -83 + -9 + (0 - 1)
30
-3 - ((8 - 15) + 5 - (0 - 8))
-9
Calculate 27 - (6 - 3) - -2 - (23 + -18).
21
(6 - (-23 - -10)) + (-1 - (5 + 1))
12
What is (15 - 5 - -5 - 10) + (-16 - -3)?
-8
15 + -16 + -7 + 10
2
8 - (39 + 22 + -37)
-16
Evaluate -10 + 17 - 2 - 19.
-14
What is 2 - (-17 - (-14 - -6) - 4)?
15
-1 + -20 + 34 + -26 + 1 + 0
-12
Calculate -8 - (0 + 6) - -24.
10
Calculate (-1 - 6) + -13 + 9 + 11 + -18.
-18
What is the value of -2 + 1 - (3 + -13 - -5)?
4
What is the value of 5 - ((-2 - (-2 + 2)) + 6)?
1
What is the value of (-9 - 0) + -3 - (-2 + 2 + 0)?
-12
3 + (-10 + -5 - -11) + 1
0
(11 - -1) + (3 - (-5 - (-1 + -7)))
12
What is the value of (6 - 10) + (3 + -2 - 3) + 5?
-1
Evaluate 2 - (17 + (7 - 22)).
0
Evaluate 15 + -14 + 14 - 21.
-6
What is the value of (-14 - -34 - 1) + 1?
20
What is -1 - 2 - ((2 - -7) + -5)?
-7
Evaluate -2 + -1 + 15 - (-14 - 0 - -16).
10
(-4 - -6) + 6 - 21 - -2
-11
Evaluate 1 + -4 - -3 - ((26 - 7) + -20).
1
Evaluate (-246 - -228) + (-3 + 5 - -54).
38
-27 - (-10 - -4) - -8
-13
What is -22 - 11 - ((-7 - (6 + -8)) + -1)?
-27
What is -3 - -38 - 18 - (2 - -4)?
11
(4 - 4 - -8) + -1 + -5 + 4
6
What is -1 - (2 - -9) - (51 + -57) - 4?
-10
What is -7 - -5 - (-28 + 23) - (1 + 7)?
-5
What is the value of -2 + -24 + -6 + 36?
4
Evaluate 4 + (0 - (12 + -16)) + (-1 - 3).
4
What is the value of 20 - (-22 + 19 - -6)?
17
What is the value of 15 - (16 - (29 + -11))?
17
Evaluate -17 - (-8 + 12 + -21).
0
What is the value of -18 + -1 + (802 - 783)?
0
What is 7 - (-2 - 2 - -3)?
8
0 + -5 - (-10 - (22 - 20))
7
(6 - 3 - -1) + (220 - 224)
0
Calculate -18 + 25 - (3 + 4 + -5) - -2.
7
Calculate (-12 + -6 - -11) + 6 + -11 + -1.
-13
Calculate (28 - -12) + -15 + 4 - 15.
14
Calculate -53 + 35 + 6 + 0 + 1.
-11
Calculate (-8 - -2) + (1 - -18).
13
Evaluate (-7 - (-14 - -12)) + 0 + 2.
-3
What is the value of (-87 - -87) + (8 - -5)?
13
Evaluate 4 - ((14 - 3) + (-13 - -21)).
-15
-9 + (35 - 8 - 11)
7
What is the value of (11 - (8 - -26)) + -13?
-36
What is the value of 7 - ((4 - -7) + -11) - -11?
18
Evaluate (-1 - (-1 + 1)) + (4489 - 4477).
11
What is the value of (-3 - (12 + (-2 - 13))) + 18?
18
Evalua